k) + 7*j(k). Let y be f(h). Calculate p(y).
7
Let m(n) be the first derivative of -20*n**2 + 58*n + 8794. Determine m(2).
-22
Let s(b) = b**2 + 33*b + 92. Let t be s(-30). Let u(v) = 101*v**2 - 16*v - 7 - 100*v**t + 24. Calculate u(15).
2
Let x(k) = 42*k + 11. Let w(j) = 19*j + 6. Let r(c) = 9*w(c) - 4*x(c). Let i(d) = -4*d - 10. Let h = -6 - -9. Let s(t) = h*r(t) + 2*i(t). Determine s(-6).
4
Let f(h) be the first derivative of h**3/6 + h**2/2 + 127*h + 1. Let u(z) be the first derivative of f(z). What is u(-6)?
-5
Suppose -169*y - 1274 = 416. Let h(w) = -11*w**2 - 111*w - 3. Give h(y).
7
Suppose 4*i - 63 = -d, -4*d - 6*i + 288 = -2*i. Let s = d - 73. Let p(t) = -23*t**2 + 1 - 18*t**2 - t**3 + 36*t**s - t. Determine p(-5).
6
Let k(a) = -a**2 + 63. Let i(y) = -y**2 - 97*y - 292. Let s(t) = i(t) + 4*k(t). What is s(-19)?
-2
Let t(y) = 1. Let d(n) = -n**2 + 6*n + 2. Let k(u) = d(u) + 3*t(u). Let z be ((-1 - 5) + -1)*1. Let i be -8 + 10 + (-4 - z). Calculate k(i).
10
Let w = -49 - -47. Let l(q) = 16*q + 20. Let k be l(w). Let j(p) = -p**2 - 11*p + 17. Determine j(k).
5
Let t = -16 - -10. Let w(x) = x**3 - 7*x**2 - 3*x + 10. Let p be w(7). Let j(c) = 2*c - 3. Let a(v) = -v + 2. Let b(f) = p*a(f) - 6*j(f). Calculate b(t).
2
Let g(k) be the second derivative of -k**6/720 + k**5/5 + 46*k**4/3 + 146*k. Let z(a) be the third derivative of g(a). Give z(22).
2
Let m(p) = -1 + 13 - 2*p - 10. Let k(b) = -b**2 - 3*b + 3. Let v(g) = -2*k(g) + 3*m(g). Let l = -1 + 0. Determine v(l).
2
Let g(t) = 11*t + 52. Let p(o) = 24*o + 114. Let b(u) = 13*g(u) - 6*p(u). Determine b(-2).
-6
Let u(m) = 2*m**2 + 38*m + 174. Let t be (6/10 - 447/45) + 80/60. Give u(t).
-2
Let o = -9107 + 9104. Let b(w) be the second derivative of -w**4/12 - w**3/2 + 3*w**2/2 + 2*w. What is b(o)?
3
Let n(z) = z - 6. Let u = -3 + 6. Let c = 647 + -608. Suppose u*b = -18 + c. Calculate n(b).
1
Let u(a) = a**2 + a - 3. Let h be 112/140 + 2/10. Let b be 36/(-8) + (-1 - h/(-2)). Determine u(b).
17
Let a(v) = -6*v + 164. Let q be a(26). Suppose 5*m - q*u + 7*u = 105, 0 = -3*m - 2*u + 50. Let l(g) = 2*g**2 - 39*g - 20. What is l(m)?
0
Let r(x) = -3*x**2 - 2*x + 2. Let i be r(3). Let u = i + 33. Let m(f) = -10*f**2 - f**u + 10*f**2 - 3*f. Calculate m(-4).
-4
Let b(q) = 10*q + 3. Let a(x) = -3*x - 1. Let m(l) = 17*a(l) + 6*b(l). Suppose 70*j + 66 = 4*j. Give m(j).
-8
Let b(v) = v**2 + 3*v - 4. Let i be (-4)/14 - (-3744)/(-126). Let z = -47 - i. Let k = 14 + z. Calculate b(k).
-4
Let z(y) = -2*y + 11. Let s be 44/6*15/10. Let c(a) = 3*a - 21. Let o(x) = s*z(x) + 6*c(x). What is o(-4)?
11
Let n(s) be the third derivative of -s**6/120 + s**5/20 + 7*s**4/24 - 5*s**2 + 160*s. Determine n(-4).
84
Let j(z) = -z - 10. Let l(y) = 80*y + 46. Let d be l(4). Let t = d + -375. What is j(t)?
-1
Let c = 45 + -41. Let p(i) = -3*i + 1. Let r(w) be the third derivative of -w**4/3 + w**3/2 + 6*w**2. Let l(j) = -11*p(j) + 4*r(j). Give l(c).
5
Let p be (-2 - 9 - -4) + 0. Let b be (p - -11)*(-1 + 8). Let i = -24 + b. Let f(n) = -2*n - 3. Determine f(i).
-11
Suppose 84 = 4*p - 4*v, -p - 3*v + 9 + 8 = 0. Suppose -80*a + p*a = 180. Let r(y) = -y**2 - 5*y - 4. Calculate r(a).
2
Let n(z) = -39 + 329*z - 341*z - 4 - 14. Let s be n(-5). Let j(w) = 2*w**2 - 3*w + 1. Calculate j(s).
10
Let m(g) = -57*g**2 - g - g**3 - 2*g + 87*g**2 - 4 - 36*g**2. What is m(-6)?
14
Let k(r) = 2*r**2 - 5*r - 29. Suppose -12*b + 30*b = 6*b - 60. What is k(b)?
46
Let r(p) = -p - 4. Let d = 4 - 12. Let x be 2/d - (-483)/92. Suppose x*y + 33 = -4*f, -f + y = -y + 5. Give r(f).
3
Let z(w) = -w**2. Let j be z(2). Let f(b) be the third derivative of b**6/120 + b**5/12 - b**4/12 - b**3/2 + 157*b**2 + b - 7. Calculate f(j).
21
Let u(m) = -5*m**2 - 15. Suppose 8*d = 4*d + 8. Let o(w) = -31 + w + 714*w**2 - d*w - 725*w**2. Let f(z) = -6*o(z) + 13*u(z). Give f(-8).
7
Let l(z) = z**2 - 2*z + 2. Suppose -21 = 5*u - 3*j, -5*j + 4 = 8*u - 6*u. Let p(g) = g**3 + g**2 + 3*g + 28. Let t be p(u). What is l(t)?
1
Let s be 74/19 + (-38)/(-361). Let f(z) = -4 - 3*z - 8 + 11 - 5*z**2 - 2 + s*z**2. Determine f(4).
-31
Suppose -12*n + 80 = -88. Suppose -3*b = -f - n, f + 11 + 5 = 4*b. Let l(r) = -r**3 - 8*r**2 + 2*r. What is l(f)?
-16
Let p(m) = m**2 - 3*m - 3. Let s(k) = -7*k - 7. Let a(v) = -5*p(v) + 2*s(v). Let h = -859 - -858. Determine a(h).
-5
Suppose 0 = -13*f + 4 - 82. Let b(h) be the first derivative of 2 - 2*h - 1/2*h**2. Give b(f).
4
Suppose -5 = q - 6*q. Let m be (-4)/(2/(-131)*2). Let v(h) = -131*h + 5 - 3 - 1 + 269*h - m*h. Give v(q).
8
Let o(y) = -y**2 - 26*y - 100. Suppose -5*a + 2*c = 37, 16*a + 20 = 18*a + 5*c. Determine o(a).
5
Let i(b) = -b**2 - b + 7. Let k = 763 - 544. Let j = k + -225. Calculate i(j).
-23
Suppose -v - k = 0, -5*v + 4 = -k + 4*k. Let m(j) = j**3 - 6 + 49*j - 106*j + 52*j - 7*j**v. Calculate m(8).
18
Let d(b) be the third derivative of b**7/630 + b**6/360 - 31*b**5/60 - 3*b**2 + 10*b. Let t(r) be the third derivative of d(r). What is t(-4)?
-30
Let x(l) = -7*l - 64. Let r(f) = 20*f + 196. Let o(k) = 3*r(k) + 8*x(k). Give o(-18).
4
Let h = -3962 + 3960. Let g(m) = -2*m**2 + 4*m**2 + 4*m - m**3 + 3 - 3*m**2. What is g(h)?
-1
Let x(a) = -7*a - 3. Let r(s) = -8*s**2 + 22*s - 9. Let v(u) = -6*u**2 + 21*u - 10. Let o(p) = -2*r(p) + 3*v(p). Let d be o(9). Give x(d).
18
Let v(f) = 11*f**3 - 13*f**2 - 3*f + 9. Let n(s) = -5*s**3 + 6*s**2 + s - 4. Let t be ((-7)/(-7))/(-1) + -4. Let d(c) = t*n(c) - 2*v(c). Determine d(2).
12
Let n(b) = -1 - 2 + 32 - 10 - 12*b + 2*b**2 - 38. Determine n(8).
13
Let y(o) = -o**2 - 11*o - 8. Suppose -8*g - 10 = -10*g, -35 = -3*s + 2*g. Suppose -20*c - s*c = 420. Give y(c).
-20
Let n(d) = 2*d**2 - 121*d - 372. Let r be n(-3). Let m(f) = -f + 15. What is m(r)?
6
Suppose 4*m - 20 = -5*f, -4*m + f + 20 = -24. Let i(v) = -1 + 12*v - m*v + 11*v + v. Suppose -r + 6*r = 5*k - 15, 5*r + 13 = 4*k. Calculate i(r).
-15
Let x(q) = -5*q**2 + 14*q - 1. Let t(d) = -11*d**2 + 29*d - 1. Let g(v) = 6*t(v) - 13*x(v). Let l(b) = -11*b - 195. Let j be l(-17). What is g(j)?
7
Let m = 2392 - 2378. Let a(j) = j**3 - 15*j**2 + 16*j - 21. Calculate a(m).
7
Suppose z + 4*o - 102 + 39 = 0, -3*z - 4*o = -205. Let v = -65 + z. Let c(d) = 5 - v - 6*d - 2*d. Calculate c(-2).
15
Let q = -510993 + 510984. Let p(l) = -l**2 - l + 1. Let g(s) = s**3 + 14*s**2 + 15*s - 5. Let w(i) = g(i) + 4*p(i). What is w(q)?
-19
Let f = -406 - -400. Let u(z) = 1. Let q(g) = 2*g - 8. Let x(k) = f*u(k) - q(k). Calculate x(2).
-2
Let v = -18 + 19. Let u(p) = 2 - p - 7 - v. Suppose 0 = 5*b - t + 10 + 19, 5*b + 37 = 3*t. What is u(b)?
-1
Let f(w) = -w**3 - 256*w**2 - 1498*w - 13. Let p be f(-6). Let k(o) = o**3 + 25*o**2 + 2*o + 20. What is k(p)?
-30
Let o(x) = -x**2 + 2. Suppose -2*c - 4*p + 6 = -0*c, -p = 0. Suppose 4*z = -c*n - 3, 5*n + z + 0 = 12. Suppose -b + 0 = -2, -4*r = -n*b + 18. What is o(r)?
-7
Suppose -6*o - 3 = 57. Let c(t) = 3*t**3 + 28*t**2 - 18*t + 15. Let p be c(o). Let h(q) = -q**3 - 5*q**2 - 1. What is h(p)?
-1
Suppose k - 2*m = 12, 2*m - 27 = -2*k + 3. Let d(s) = -s**2 + 13*s - 37. What is d(k)?
-51
Let r(l) be the third derivative of 17*l**2 + 0*l - 3/8*l**4 + 0 - 3/20*l**5 - 5/3*l**3 - 1/120*l**6. Determine r(-8).
-2
Suppose -5*w + 3*x + 2417 = -887, -3*x = -w + 656. Let j = 666 - w. Let p(n) = n**3 - 4*n**2 - n + 6. Give p(j).
2
Let j(q) = q**2 + q - 9. Let k be j(-7). Let v be (198/(-21))/(6/(-21)). Let x(h) = h + v - k + 2*h. Calculate x(-1).
-3
Let a(f) = -67 + 4*f - 16*f - 18*f + 12*f. What is a(-4)?
5
Let p(l) = -3*l**2 + 8 + 2 - 6 + 834*l - 839*l. Suppose 1 = 2*s + 3*v - 1, 3*s = -4*v + 1. Determine p(s).
-46
Let b(o) = o + o**3 + 0*o**3 - o**2 + 2*o**2. Suppose 6*z - 28 = -8*z. Suppose 0 = z*k - 146 + 146. What is b(k)?
0
Let y be (24/(-2))/((-1)/2). Let s = -27 + y. Let p(m) = -20*m**2 + 6*m - 3*m - m + 21*m**2. What is p(s)?
3
Suppose 0 = -14*p + 83 - 195. Let s(b) = -10 - 212*b + 208*b - 1. Calculate s(p).
21
Let z(n) be the third derivative of n**5/60 + 5*n**4/8 + 53*n**3/6 - 119*n**2 - 2*n. Give z(-9).
-1
Let j(s) = s**3 - 4*s**2 - 2*s. Suppose 164 = -46*v + 42*v. Let l = v - -45. Calculate j(l).
-8
Let a(w) = -22*w - 431. Let m(h) = -9*h - 145. Let o(z) = 3*a(z) - 8*m(z). Give o(29).
41
Let a(x) = -3*x + 45. Let w(l) = -140*l + 2112. Le